 t.
16
Let x = 150 + -135. Calculate the remainder when 39 is divided by x.
9
Let a(f) = 6*f**3 - 2*f**2 + 1. Let g be a(1). Suppose g*h + 2*o = 2*h + 43, 5*h - 4*o - 35 = 0. Calculate the remainder when (1 - 13)*40/(-15) is divided by h.
10
Let o = 12 - 6. Let w(u) = -u**3 + 6*u**2 + 6*u + 2. What is the remainder when w(o) is divided by ((-2)/(-4))/(2/52)?
12
Suppose -2 = -f, -2*j + 3*j + f - 6 = 0. Suppose r - 19 = -j. Suppose -4*k + 70 = -106. What is the remainder when k is divided by r?
14
What is the remainder when 29 is divided by (-72)/6*4/(-6)?
5
Let o(t) = -t**3 - 4*t**2 + 5*t + 6. Let v be o(-5). Let l(p) = 3*p - 1. Suppose -3*r + 11 = -85. What is the remainder when r is divided by l(v)?
15
Suppose -3*t = -2*j - j + 342, -3*t + 12 = 0. What is the remainder when (0 + 2)*j/4 is divided by (20/2)/((-3)/(-6))?
19
Suppose -2*g + 32 = 2*g. Suppose 4*m - 2*m = 28. Suppose m = q - 0*q. What is the remainder when q is divided by g?
6
Let y(a) be the third derivative of 1/3*a**4 - 2*a**2 + 0*a + 0 - 3/2*a**3 - 1/60*a**5. Calculate the remainder when 4 is divided by y(6).
1
Let r = -41 - -60. Calculate the remainder when r is divided by 8 - 3/((-3)/2).
9
Let c(t) = 4*t - 3*t - 4 + 20. What is the remainder when 12 is divided by c(-9)?
5
Let j(f) = -4*f**2 + 6*f**2 + 2 + 3*f**2. Let b be j(-2). Calculate the remainder when 28 is divided by b/(-4)*-2 - 1.
8
Suppose -4*z + 36 = 5*g, -3*g + 13 - 5 = -z. Suppose -x + 55 = z*x. What is the remainder when 54 is divided by x?
10
What is the remainder when 52/(-2 - -3)*(-4)/(-16) is divided by 7?
6
Suppose 67*v - 71*v + 56 = 0. What is the remainder when (-4)/(-10) + 396/10 is divided by v?
12
Suppose 0 = 5*f + c - 43, f - 3*f = 5*c - 8. Calculate the remainder when 15 is divided by f.
6
Suppose -s + 4*a + 0 = 3, -a - 36 = 5*s. Let p be (s/7)/((-1)/3). Suppose -p + 0 = -z. Calculate the remainder when 7 is divided by z.
1
Suppose -6*l = -3*l - 6. What is the remainder when 25 is divided by ((-27)/15)/(l/(-10))?
7
Let b = 60 + -50. What is the remainder when 127 is divided by b?
7
Let d = -13 - -23. Let m be (-1 - 1) + 2 - -3. Suppose 4*a - 4*j - 20 - 64 = 0, m*a = -3*j + 51. Calculate the remainder when a is divided by d.
9
Let q = 159 - 140. Calculate the remainder when 341 is divided by q.
18
What is the remainder when 56 is divided by (-26 + 2)/(-4) + 4?
6
Suppose 2*d - 20 = 3*o + o, -20 = -3*d - 4*o. Suppose 0 = z - 5*s, z - s = d + 12. Calculate the remainder when 97 is divided by z.
22
Let i(l) = l**2 + 6*l + 7. Calculate the remainder when 7 is divided by i(-5).
1
Let n(g) = -g**3 + 8*g**2 - 6*g - 2. Let v be n(7). Suppose -5*h + 20 = v. Calculate the remainder when 7 is divided by h.
1
Let a be (-2 + 11)/((-3)/(-22)). Suppose a + 117 = 3*u. What is the remainder when u is divided by 22 + (0 - -2) + -3?
19
Suppose -4*n + 8 = 0, 3*n + 24 = 3*h - 0. What is the remainder when 33 is divided by h?
3
Let o be (-8)/44 + 372/(-11). Let z = 9 - o. Let w(g) = -g + 3. Calculate the remainder when z is divided by w(-12).
13
Let a = 7 + -1. What is the remainder when 16 is divided by a?
4
What is the remainder when 5 is divided by ((-4)/(-3))/((-8)/(-24))?
1
Suppose -4*q = -121 + 33. What is the remainder when 43 is divided by q?
21
Suppose 58 = -5*y - 7. Let r = -9 - y. Calculate the remainder when 6 is divided by r.
2
Suppose 4*g = -w + 22, -2*g + 18 = 5*w - 20. Calculate the remainder when 8 is divided by w.
2
Let t = 44 + -23. Let x = 32 - t. Calculate the remainder when 20 is divided by x.
9
Let b(k) = k**3 - 4*k**2 - 8*k + 5. Let x be b(5). Let s = x + -1. Calculate the remainder when (-163)/s - (-2)/11 is divided by 8.
7
Let q be (-1 - 1) + (1 - -16). Let u = q + -13. What is the remainder when u is divided by 1?
0
Let q(d) = d**2 + 7*d. Let f be q(-6). Let s = -4 + 1. What is the remainder when 9 is divided by 6 + (f/s)/(-2)?
4
Let n(q) = 2*q - 2. Suppose -43 + 178 = -5*p. Let j = p + 56. Calculate the remainder when j is divided by n(6).
9
Suppose -3*s = -0 + 6. What is the remainder when ((-1)/3)/(s/666) is divided by 28?
27
Suppose 0 = 5*x - 82 - 88. Suppose 238*k - 231*k - 49 = 0. Calculate the remainder when x is divided by k.
6
Let t(m) = -m + 2. Suppose 2*j - 3 = 3*j. Let y be t(j). Suppose 0 = y*a + 5*x - 55, -6*a = -a - 4*x - 37. What is the remainder when a is divided by 6?
3
Suppose k - q - 46 = 65, 6 = 2*q. Suppose 2*p - k = -3*t, -22 = p + t - 78. What is the remainder when p is divided by 14?
12
Let q(c) = -c**2 - 14*c + 4. Suppose 4*h - 8*h + 74 = t, 2 = t. Calculate the remainder when q(-6) is divided by h.
16
Suppose 0 = -24*p + 192 + 600. Calculate the remainder when p is divided by 9.
6
Let a(y) = -9 - 1 - 3 + 12*y + 3 - y**2. What is the remainder when a(10) is divided by 4?
2
Suppose 63 - 9 = 3*c. Let x(t) = -t - 2. Let z be x(-2). Let v = z - -10. Calculate the remainder when c is divided by v.
8
Let h(d) = -5 - 2*d + 2 + d**2 + 4*d. Let c(n) = n + 27. What is the remainder when c(-13) is divided by h(-4)?
4
Let i = -132 + 185. Calculate the remainder when i is divided by 14.
11
Suppose 0 = 7*n - 2*n - 25. Let c = 25 + -13. Suppose -n*s - 16 = -4*x, x - 4*x + c = 2*s. What is the remainder when 7 is divided by x?
3
Suppose 2*x = p + 3*p - 426, 3*x = -9. What is the remainder when p is divided by 54?
51
Let v = 78 + -25. Suppose -3*x + 31 = -4*w, -5*w - 17 = 2*x - v. What is the remainder when x is divided by 8 - 6*(-2)/(-4)?
3
Suppose 2*k = 5*y + 54, 2*k + 118 = 7*k - 4*y. Calculate the remainder when 43 is divided by k.
21
Suppose 8*i - 1886 = -382. What is the remainder when i is divided by 24?
20
Suppose 5*f = 3*s - 5, -6*s = -5*s - 3*f + 5. Calculate the remainder when 39 is divided by s.
9
Suppose -5*c = 0, -4*f + 3*c + 50 + 126 = 0. What is the remainder when 261 is divided by f?
41
Let z(h) be the second derivative of -h**4/12 - h**3/6 + 5*h**2 - 2*h. What is the remainder when 18 is divided by z(0)?
8
Let f(m) = -m + 3. Let h be f(3). What is the remainder when 74 is divided by -3 + h - (-44)/2?
17
Let x(d) = d**2 - d - 4. Calculate the remainder when x(-5) is divided by 2*(-1 + (-9)/(-2)).
5
Let u(p) = -23*p**3 + 1. What is the remainder when 45 is divided by u(-1)?
21
Let c(k) = k + 3. Suppose 10 = 2*z + 4*s - 2, -s = 2. Calculate the remainder when c(z) is divided by 4.
1
Suppose -3*u = 5*l - u - 17, -4*l + 14 = 2*u. Suppose -5*i = 91 - 16. Let d = l - i. Calculate the remainder when 52 is divided by d.
16
Let f(s) = 2*s**2 - 3*s. Let a be 12/21*7/2. What is the remainder when f(a) is divided by 1?
0
Suppose 5*n + 3*p - 34 = p, p + 4 = n. Suppose -85 = -10*z + 5*z. Calculate the remainder when z is divided by n.
5
Let r = 8 + -3. Let p be 2 - ((-2)/1 - r). Calculate the remainder when 13*(-6)/(p/(-3)) is divided by 14.
12
Let m(j) = -2*j**2 - 38*j + 26. What is the remainder when 128 is divided by m(-19)?
24
Let r(q) = -q + 2. Let a(g) = -g. Let t(n) = 4*a(n) + 4*r(n). Calculate the remainder when t(-6) is divided by 19.
18
Let n = -36 - -177. What is the remainder when n is divided by 36?
33
Suppose 3*g - 9 - 9 = 0. What is the remainder when g is divided by 2?
0
Suppose -13*l = -12*l - 18. What is the remainder when 33 is divided by l?
15
Suppose 4*q - 3*q = -1. Let a = -7 + 10. Calculate the remainder when 1/(a - (-2)/q) is divided by 1.
0
Suppose 11 = l - 0. Let v(y) = 1 - 3 + 2*y - 2*y + y. What is the remainder when l is divided by v(6)?
3
Suppose -7 = -t - 5. Suppose m = -4*m - 4*r + 88, m - 20 = -t*r. Calculate the remainder when 29 is divided by m.
13
Let k = -104 + 147. Let w(n) = 3*n**2 - 10*n + 14. Calculate the remainder when k is divided by w(4).
21
Suppose -v - 19 = -2*v. Let x = -12 - -11. Calculate the remainder when 2 + (0 - v)/x is divided by 11.
10
Suppose 4*j = -q + 5 + 7, 0 = -j - q + 6. What is the remainder when j is divided by 1?
0
Suppose -o + 21 = -b, 0*b = -4*o - 2*b + 90. Suppose 5*m - o = 28. What is the remainder when m is divided by 4?
2
Suppose 2 = 3*y - 4. Suppose 4*a - 3*z - 167 = 0, -y*a + 2*z = 2*a - 162. What is the remainder when a is divided by 10?
8
Suppose 5*b - 39 - 61 = 0. Let g = 80 - 42. What is the remainder when g is divided by b?
18
Let w(a) = 2*a**2 - 21*a - 13. Calculate the remainder when w(15) is divided by